 2 = 5*c, 0*c - 5*c = 5*u - 25. Suppose -c*w + 49 = 3*w - 2*p, -4*p + 19 = 3*w. Let g = w + -6. What is the units digit of g?
3
What is the thousands digit of (-703143)/(-105) + 32/(-20) + (-1)/(-1)?
6
Let j(r) = -r**2 - 6*r + 4. Let l be j(-6). Suppose 4*h + l*h = -96. What is the tens digit of -4 + 0 - -1 - h*3?
3
Suppose 27*v = 15*v + 4836. Suppose 2*c + 29 = v. What is the hundreds digit of c?
1
Let j be 5 + 6 + -8 - (-1 - -4). Suppose j*g = 6*g - 408. What is the units digit of g?
8
Let s(p) = p**3 + 16*p**2 - 4*p + 1. Suppose -8*v + 172 = -108. Suppose 3 - v = 2*l. What is the tens digit of s(l)?
6
Suppose -5*d + 26 = -4*l, 5*d = -5*l + l - 6. Let o(k) = -31*k**3 + d*k + 30*k**3 + k + k**2 - 6*k**2 + 6. What is the units digit of o(-7)?
3
Let d = 8592 - 1184. Suppose -d = -10*z + 282. What is the hundreds digit of z?
7
Suppose 154*n - 80*n = 67*n + 324800. What is the hundreds digit of n?
4
What is the hundreds digit of (-3 + -1 + 9024)/(40 - 39)?
0
Suppose 10 = -2*o, 0 = 10*l - 6*l + 4*o + 48. Let v(r) = -3*r**3 - 7*r**2 + 3*r - 33. What is the hundreds digit of v(l)?
6
What is the hundreds digit of (((-37782)/15)/(9/(-60)))/((-322)/(-644))?
5
Let d(q) = -27*q + 60. Suppose -2*a = -3*t - 32, -3*t + 7*t + 3*a = -54. What is the tens digit of d(t)?
8
Suppose 0 = -6*j + 2865 + 4527. Suppose 3142 = 5*o - 3*t, -3*t - j - 1281 = -4*o. What is the hundreds digit of o?
6
Let y(u) be the first derivative of -2*u**3/3 + 8*u**2 + 15*u - 8. Let l be y(9). Let p(b) = 9*b**2 - 5*b - 4. What is the tens digit of p(l)?
9
Suppose s = -4*t + 10, t + 0*t + 25 = -3*s. What is the hundreds digit of -394*((-12)/42 - s/(-14))?
3
What is the units digit of (22/(-5))/((-44)/112310)?
1
Suppose 4*x - 8 = 2*o + 2*x, -4*x = -o - 7. Let j = o + 8. Suppose -4 = 2*w + 3*t - 40, -52 = -3*w - j*t. What is the units digit of w?
4
Let x(h) be the first derivative of -101*h**2 + 47*h - 127. What is the units digit of x(-4)?
5
Let g = 53102 - 25993. What is the thousands digit of g?
7
Let j(a) = -12*a - 130. Let m be j(-11). Suppose -2389 = -3*k + 5*u, -3*u + 783 = k - m*u. What is the units digit of k?
8
Let s = 85862 + -60016. What is the thousands digit of s?
5
Suppose -10906 = -4*h + 4*p + 3586, 0 = 3*p + 18. What is the thousands digit of h?
3
Suppose -973 = -3*u - 93*o + 97*o, 3*o = 3*u - 969. Suppose 5*f + 4*i = 4*f - 173, 0 = i + 2. Let k = u + f. What is the hundreds digit of k?
1
Let u be (-51)/(-119) + (-132)/14. Let b(z) = -5*z**2 - 59*z - 4. What is the hundreds digit of b(u)?
1
Let q(h) = -2*h**2 + 40*h + 8370. What is the thousands digit of q(0)?
8
Suppose 2*n = 4*p - 4552, 5*p = 3*n + 3942 + 1746. What is the tens digit of p?
4
Suppose -70*u + 10557 = -67*u + 4*d, -5*u + 17618 = -d. What is the thousands digit of u?
3
Let s be -1*1*(0 + 189). Let n(l) = -7*l**3 - 7*l**2 + 34*l - 12. Let j be n(4). Let q = s - j. What is the tens digit of q?
4
Let z(s) = 4*s**3 + s + 1. Let k be z(-1). What is the units digit of ((-370)/60 - (-2)/k)*-39?
0
What is the hundreds digit of ((-14714)/(-8))/(80/3520)?
9
Suppose 212*y - 94*y = -127*y + 294245. What is the hundreds digit of y?
2
Suppose 3*r - 2502 = -4*j - 0*r, j = -2*r + 628. Suppose 0 = 4*v - 3*s - 1688, j - 209 = v + s. What is the units digit of v?
9
Suppose j - 3 = 4*r, r - 10 = -j - 7. Let q be (-1)/(4/6 - 1). Suppose j*s + q*o = 351, 606 - 11 = 5*s - 5*o. What is the tens digit of s?
1
Let l = 34387 - 10369. What is the hundreds digit of l?
0
Let a be 4608/(2 - -7) + -9. Suppose -3*n = -a - 1384. What is the units digit of n?
9
Suppose 0 = q + 42 - 14. What is the tens digit of 2955/6*q/(-35)?
9
Let z be (2/1 - -3) + 602 + -40. Let h = z - 178. What is the hundreds digit of h?
3
Suppose -76*k - 4*x + 7804 = -72*k, -x = -5*k + 9719. What is the units digit of k?
5
Suppose 90*o - r + 19905 = 95*o, o + 4*r = 4000. What is the tens digit of o?
8
Let v(o) = o**3 + 32*o**2 - 9*o + 46. Let a be v(-32). Let f = a + -40. What is the hundreds digit of f?
2
Suppose 0 = 2*y - 3*b + 1617 + 378, -4*y - 4*b - 4040 = 0. Let f be (-2)/6*y/(-5). Let t = -11 - f. What is the tens digit of t?
5
Suppose -11*f = -4*f - 2667. Suppose m - 357 = -5*h, -2*m + f = 3*h - 333. What is the hundreds digit of m?
3
Let d = -7117 + 2826. Let o = d - -6126. What is the tens digit of o?
3
What is the ten thousands digit of (-698711)/(-8) + 330/2640?
8
Suppose -26 + 6 = -5*x. Suppose 3*h + 2*k - 30 = 0, 0*h = x*h - k - 51. Suppose 395 = h*c - 7*c. What is the units digit of c?
9
Let w(g) = 2*g**2 - 96*g - 1768. What is the tens digit of w(87)?
1
Let w(q) = -q**3 - 8*q**2 + 21*q + 7. Let u be w(-10). What is the units digit of (-1 + -1 - u)/(2/146)?
3
Suppose -3*k = -b - 19, -2*k = 4*b + 3*k - 9. Suppose 4*i + 3*v - 12 = 0, 6*i - 4*i = 2*v + 20. What is the hundreds digit of ((-39)/i)/(b/88*1)?
1
What is the units digit of (-3449502)/(-343) + (2 - (-26)/(-14))?
7
Let t = 38 - 166. Let i be 6/(((-12)/t)/(-3)). Let x = 278 + i. What is the tens digit of x?
8
Let h = -2329 + 4396. What is the thousands digit of h?
2
Suppose 1242*r = 1232*r + 60. What is the units digit of (87 - 8 - -2)*r?
6
Let q be 22/55 + 0 + (-538324)/10. Let f be (-6)/10 + 0 - q/120. Suppose 7*s - f = -133. What is the tens digit of s?
4
What is the thousands digit of (-2 - -5)*65292/36?
5
Let b(c) be the first derivative of 41*c**3/3 - 11*c**2/2 - 16*c - 71. What is the hundreds digit of b(-3)?
3
Let c(f) = 186*f**3 + 3*f**2 - 4*f + 2. Let p be ((-3)/6)/((-11)/22). What is the tens digit of c(p)?
8
Let q(g) = g**2 + 15*g + 2. Let c be q(-15). Suppose 0 + 8 = 3*h + 2*k, 2*k = c*h - 12. Suppose 7*t - h*t - 51 = 0. What is the units digit of t?
7
Let o(y) = -3*y - 54. Let f be o(-21). What is the tens digit of 256/(-576) + (7321/f)/1?
1
What is the thousands digit of 85085/65 - -1*(7 - 0)?
1
Suppose 0 = 4*h - 4*c - 4720, 0*h - 3*h - 5*c + 3580 = 0. What is the units digit of h?
5
Let u(r) = 1151*r**3 + 25*r**2 - 24*r - 2. What is the tens digit of u(1)?
5
Let f = -4576 + 11129. What is the tens digit of f?
5
Let l(q) = -44*q + 2. Suppose 0 = 10*s + 63 + 17. Let w be (3 + s/3)*-6. What is the tens digit of l(w)?
9
Let n(j) be the first derivative of j**3/3 + 4*j**2 + 48*j - 63. What is the units digit of n(14)?
6
Let z(u) = -83449*u**3 - u**2 - 8*u + 10. Let x be z(1). What is the tens digit of x/(-64) + (-8)/(-64)?
0
Suppose -771118 - 159482 = -30*z. What is the hundreds digit of z?
0
Let z be 1*2*(-1088)/128. Let s be ((-4)/6)/((-3)/(-27)). Let v = s - z. What is the tens digit of v?
1
Let y be (429/(-52))/((-3)/184). Let s = y + -323. What is the units digit of s?
3
Let w = -1819 - -3041. Suppose 18*r = 3710 + w. What is the units digit of r?
4
Let w = 4 + 2153. Suppose -w = -5*h + 383. What is the tens digit of h?
0
Let m = 46 - 45. Suppose 2*i - m = -3, 2*r - 9 = 5*i. Suppose r*q + 3*o = o + 76, q - 4*o - 63 = 0. What is the tens digit of q?
4
Let c(n) = -22*n**3 - 2*n**2 + 3*n + 13. Let a be c(-4). Suppose 8*l + 81 - a = 0. What is the units digit of l?
2
Suppose -3*v - 4*d = -14788, 0*v + 3*v - 14783 = d. What is the units digit of v?
8
Suppose 0 = -9*c + 8*c. Let a(k) = k**2 + 4*k + 339. What is the units digit of a(c)?
9
Suppose 4*s - 49450 = -7*z - 3*z, -4*z + s = -19767. What is the tens digit of z?
4
Let m(i) = -14*i**2 + 5*i - 5. Let n be m(4). Let v = n + 389. Suppose 0 = 4*h + 20, -4*a + 3*h + v = -a. What is the units digit of a?
5
Let o(l) = -3*l**3 - 136*l**2 + 145*l + 42. Let j(t) = -2*t**3 - 91*t**2 + 97*t + 28. Let n(f) = 7*j(f) - 5*o(f). What is the units digit of n(-44)?
4
Let z be (-1 + 1 - -6)/(4/6). What is the hundreds digit of (106/(-2))/(z/(-18))?
1
Suppose 121*b - 122*b + 3*l + 3145 = 0, 0 = 2*l - 6. What is the units digit of b?
4
Let k(o) = -30*o + 66. Suppose 2*i - 138 + 174 = 0. What is the hundreds digit of k(i)?
6
Let r(i) = 11*i**2 + 14*i + 75. Let q = -137 - -128. What is the hundreds digit of r(q)?
8
Let k be (10/6 + 0)/(14/42). Suppose 5*s + 180 = 3*n, -k*n - 36 = s - 0*s. Let a = s - -57. What is the tens digit of a?
2
Let v = 23 + -14. Suppose -v*s + 70 = s. Suppose -17 = -8*m + s*m. What is the units digit of m?
7
Let u(p) = 8*p**3 - 10*p**2 - 20*p + 21. Let j(h) = -12*h**3 + 16*h**2 + 30*h - 32. Let g(v) = 5*j(v) + 8*u(v). What is the